{"id":443,"date":"2025-01-04T12:08:53","date_gmt":"2025-01-04T11:08:53","guid":{"rendered":"https:\/\/lavaucressonniere.fr\/?page_id=443"},"modified":"2025-01-04T17:53:55","modified_gmt":"2025-01-04T16:53:55","slug":"creation","status":"publish","type":"page","link":"https:\/\/lavaucressonniere.fr\/index.php\/creation\/","title":{"rendered":"Cr\u00e9ation"},"content":{"rendered":"<div class=\"wp-block-image\">\n<figure class=\"aligncenter size-full is-resized\"><img loading=\"lazy\" decoding=\"async\" width=\"524\" height=\"351\" src=\"https:\/\/lavaucressonniere.fr\/wp-content\/uploads\/2025\/01\/chateau-dit-la-vaucressonniere-vaucresson.png\" alt=\"\" class=\"wp-image-475\" style=\"width:654px;height:auto\" srcset=\"https:\/\/lavaucressonniere.fr\/wp-content\/uploads\/2025\/01\/chateau-dit-la-vaucressonniere-vaucresson.png 524w, https:\/\/lavaucressonniere.fr\/wp-content\/uploads\/2025\/01\/chateau-dit-la-vaucressonniere-vaucresson-300x201.png 300w\" sizes=\"auto, (max-width: 524px) 100vw, 524px\" \/><\/figure>\n<\/div>\n\n<table style=\"border-collapse: collapse; width: 100%;\">\n<tbody>\n<tr>\n<td style=\"width: 10.7379%;\">\u00a0<\/td>\n<td style=\"width: 79.7455%;\">\u00a0<\/td>\n<td style=\"width: 9.5165%;\">\u00a0<\/td>\n<\/tr>\n<tr>\n<td style=\"width: 10.7379%;\">\u00a0<\/td>\n<td style=\"width: 79.7455%;\">\n<p style=\"text-align: justify;\"><span style=\"font-size: 14pt; color: #003366; font-family: verdana, geneva, sans-serif;\">Cr\u00e9ation de l&rsquo;amicale<\/span><\/p>\n<p style=\"text-align: justify;\"><span style=\"font-family: verdana, geneva, sans-serif; font-size: 14pt; color: #003366;\">Cr\u00e9e en septembre 2008, par un petit noyau d\u2019anciens de la C.R.S N\u00b02 et de la C.R.S Autorouti\u00e8re Ouest Ile de France, l\u2019association compte aujourd\u2019hui une centaine d\u2019adh\u00e9rents.<\/span><\/p>\n<p style=\"text-align: justify;\"><span style=\"font-family: verdana, geneva, sans-serif; font-size: 14pt; color: #003366;\">Le point pr\u00e9liminaire de cette aventure, se situe lors du pot de d\u00e9part en retraite de Jean-Luc HAMON.<br \/>Nombre de personnes pr\u00e9sentes regrettaient l\u2019absence d\u2019une structure de rassemblement des anciens fonctionnaires de cette double unit\u00e9.<br \/>Initi\u00e9e par Jean-Paul DAT et Pierre-Jean HOGDAL, le quatorze Mars 2008 se tenait la premi\u00e8re r\u00e9union.<br \/>Deux anciens fonctionnaires de l\u2019unit\u00e9 avaient \u00e9galement r\u00e9pondu pr\u00e9sents: Serge GUILBERT et Emile DOUZAMY.<br \/>Les bases de l\u2019amicale \u00e9taient lanc\u00e9es. Les premiers contacts permirent de prendre un peu plus d\u2019assurance et en peu de temps, un premier bureau provisoire pouvait \u00eatre constitu\u00e9.<\/span><\/p>\n<p style=\"text-align: justify;\"><span style=\"font-size: 14pt; color: #003366; font-family: verdana, geneva, sans-serif;\">D\u00e9but 2009 l\u2019amicale comptait d\u00e9j\u00e0 une bonne vingtaine d\u2019adh\u00e9rents.<\/span><br \/><span style=\"font-family: verdana, geneva, sans-serif; font-size: 14pt; color: #003366;\">Gr\u00e2ce au travail fantastique de Pierre-Jean Hogdal, une structure informatique de qualit\u00e9 \u00e9tait mise en place. Le quatorze D\u00e9cembre 2009, la demande de d\u00e9claration de cr\u00e9ation d\u2019Association Loi 1901 \u00e9tait pr\u00e9sent\u00e9e aupr\u00e8s de la Sous-Pr\u00e9fecture de Boulogne.<br \/>Les structures se p\u00e9rennis\u00e8rent avec l\u2019ouverture d\u2019un compte courant, et surtout l\u2019augmentation du nombre d\u2019adh\u00e9rents.<\/span><\/p>\n<p style=\"text-align: justify;\"><span style=\"font-size: 14pt; color: #003366; font-family: verdana, geneva, sans-serif;\">La Lettre du Butard, lien indiscutable entre les adh\u00e9rents, voyait le jour et le premier logo de l\u2019amicale s\u2019imprimait sur ce dernier. Depuis il n\u2019a cess\u00e9 de se modifier pour en arriver \u00e0 la forme actuelle.<\/span><\/p>\n<p style=\"text-align: justify;\"><span style=\"font-size: 14pt; color: #003366; font-family: verdana, geneva, sans-serif;\">\u00ab\u00a0L\u2019Amicale de la Vaucressonni\u00e8re\u00a0\u00bb<br \/><\/span><br \/><span style=\"font-size: 14pt; color: #003366; font-family: verdana, geneva, sans-serif;\">La tenue de la premi\u00e8re assembl\u00e9e g\u00e9n\u00e9rale, l\u2019obtention de subventions municipales, l\u2019acquisition d\u2019un outil informatique, la cr\u00e9ation d\u2019une boite mail, se sont succ\u00e9d\u00e9es permettant la consolidation de l\u2019existence de l\u2019amicale.<\/span><\/p>\n<p style=\"text-align: justify;\"><span style=\"font-size: 14pt; color: #003366; font-family: verdana, geneva, sans-serif;\">En d\u00e9cembre 2011 la centi\u00e8me adh\u00e9sion \u00e9tait enregistr\u00e9e<\/span><br \/><span style=\"font-family: verdana, geneva, sans-serif; font-size: 14pt; color: #003366;\">Un dernier effort restait \u00e0 fournir avec la cr\u00e9ation du site pour permettre \u00e0 chacun de nous rejoindre via internet.<br \/>Travail laborieux pour des n\u00e9ophytes, fortement retard\u00e9 par le d\u00e9c\u00e8s de notre exp\u00e9riment\u00e9 secr\u00e9taire, cette r\u00e9alisation, qui vient de se concr\u00e9tiser avec le concours de la soci\u00e9t\u00e9 SQYnet Informatique, va nous permettre de mieux faire connaissance.<\/span><\/p>\n<p style=\"text-align: justify;\"><span style=\"font-family: verdana, geneva, sans-serif; font-size: 14pt; color: #003366;\">Vous allez maintenant franchir le seuil de l\u2019amicale et rentrer dans un parcours que nous esp\u00e9rons fort sympathique.<br \/>Pour am\u00e9liorer la communication et les petits d\u00e9fauts de ce premier site, la voie de la foire aux questions vous est ouverte ; alors n\u2019h\u00e9sitez pas.<\/span><\/p>\n<p style=\"text-align: justify;\"><span style=\"font-size: 14pt; color: #003366; font-family: verdana, geneva, sans-serif;\">Un grand merci \u00e0 tous ceux qui nous ont aid\u00e9 dans cette construction et Bon parcours \u00e0 tous.<\/span><\/p>\n<p style=\"text-align: justify;\"><span style=\"font-size: 14pt; color: #003366; font-family: verdana, geneva, sans-serif;\">Simples visiteurs, les premi\u00e8res pages vous pr\u00e9senteront les diff\u00e9rentes facettes de notre association. Elles vous permettront peut-\u00eatre d\u2019acc\u00e9der \u00e0 une demande d\u2019adh\u00e9sion si tel est votre souhait.<\/span><\/p>\n<p style=\"text-align: justify;\"><span style=\"font-size: 14pt; color: #003366; font-family: verdana, geneva, sans-serif;\">Adh\u00e9rents nous vous souhaitons une bonne visite du site.<\/span><\/p>\n<p style=\"text-align: justify;\"><span style=\"font-size: 14pt; color: #003366; font-family: verdana, geneva, sans-serif;\">De toutes les mani\u00e8res un Grand Merci vous est adress\u00e9 pour nous avoir rendu visite.<\/span><\/p>\n<p style=\"text-align: right;\"><span style=\"font-size: 14pt; color: #003366; font-family: verdana, geneva, sans-serif;\">Le Pr\u00e9sident de l\u2019Amicale<\/span><br \/><span style=\"font-size: 14pt; color: #003366; font-family: verdana, geneva, sans-serif;\">Jean-Paul DAT<\/span><\/p>\n<\/td>\n<td style=\"width: 9.5165%; text-align: justify;\">\u00a0<\/td>\n<\/tr>\n<tr style=\"text-align: justify;\">\n<td style=\"width: 10.7379%;\">\u00a0<\/td>\n<td style=\"width: 79.7455%;\">\u00a0<\/td>\n<td style=\"width: 9.5165%;\">\u00a0<\/td>\n<\/tr>\n<\/tbody>\n<\/table>","protected":false},"excerpt":{"rendered":"<p>\u00a0 \u00a0 \u00a0 \u00a0 Cr\u00e9ation de l&rsquo;amicale Cr\u00e9e en septembre 2008, par un petit noyau d\u2019anciens de la C.R.S N\u00b02 et de la C.R.S Autorouti\u00e8re Ouest Ile de France, l\u2019association compte aujourd\u2019hui une centaine d\u2019adh\u00e9rents. Le point pr\u00e9liminaire de cette aventure, se situe lors du pot de d\u00e9part en retraite de Jean-Luc HAMON.Nombre de personnes [&hellip;]<\/p>\n","protected":false},"author":1,"featured_media":0,"parent":0,"menu_order":0,"comment_status":"closed","ping_status":"closed","template":"","meta":{"footnotes":""},"class_list":["post-443","page","type-page","status-publish","hentry"],"_links":{"self":[{"href":"https:\/\/lavaucressonniere.fr\/index.php\/wp-json\/wp\/v2\/pages\/443","targetHints":{"allow":["GET"]}}],"collection":[{"href":"https:\/\/lavaucressonniere.fr\/index.php\/wp-json\/wp\/v2\/pages"}],"about":[{"href":"https:\/\/lavaucressonniere.fr\/index.php\/wp-json\/wp\/v2\/types\/page"}],"author":[{"embeddable":true,"href":"https:\/\/lavaucressonniere.fr\/index.php\/wp-json\/wp\/v2\/users\/1"}],"replies":[{"embeddable":true,"href":"https:\/\/lavaucressonniere.fr\/index.php\/wp-json\/wp\/v2\/comments?post=443"}],"version-history":[{"count":2,"href":"https:\/\/lavaucressonniere.fr\/index.php\/wp-json\/wp\/v2\/pages\/443\/revisions"}],"predecessor-version":[{"id":476,"href":"https:\/\/lavaucressonniere.fr\/index.php\/wp-json\/wp\/v2\/pages\/443\/revisions\/476"}],"wp:attachment":[{"href":"https:\/\/lavaucressonniere.fr\/index.php\/wp-json\/wp\/v2\/media?parent=443"}],"curies":[{"name":"wp","href":"https:\/\/api.w.org\/{rel}","templated":true}]}}