{"id":21,"date":"2024-12-28T18:32:03","date_gmt":"2024-12-28T17:32:03","guid":{"rendered":"http:\/\/lavaucressonniere.fr\/?page_id=21"},"modified":"2025-01-04T12:12:11","modified_gmt":"2025-01-04T11:12:11","slug":"accueil","status":"publish","type":"page","link":"https:\/\/lavaucressonniere.fr\/","title":{"rendered":"Accueil"},"content":{"rendered":"<div class=\"wp-block-image\">\n<figure class=\"aligncenter size-large\"><img loading=\"lazy\" decoding=\"async\" width=\"1024\" height=\"728\" src=\"https:\/\/lavaucressonniere.fr\/wp-content\/uploads\/2024\/12\/CHATEAU-2-pucelles-1024x728.jpg\" alt=\"\" class=\"wp-image-285\" srcset=\"https:\/\/lavaucressonniere.fr\/wp-content\/uploads\/2024\/12\/CHATEAU-2-pucelles-1024x728.jpg 1024w, https:\/\/lavaucressonniere.fr\/wp-content\/uploads\/2024\/12\/CHATEAU-2-pucelles-300x213.jpg 300w, https:\/\/lavaucressonniere.fr\/wp-content\/uploads\/2024\/12\/CHATEAU-2-pucelles-768x546.jpg 768w, https:\/\/lavaucressonniere.fr\/wp-content\/uploads\/2024\/12\/CHATEAU-2-pucelles-624x444.jpg 624w, https:\/\/lavaucressonniere.fr\/wp-content\/uploads\/2024\/12\/CHATEAU-2-pucelles.jpg 1404w\" sizes=\"auto, (max-width: 1024px) 100vw, 1024px\" \/><\/figure>\n<\/div>\n\n<table style=\"border-collapse: collapse; width: 100%;\">\n<tbody>\n<tr>\n<td style=\"width: 11.6539%;\">\u00a0<\/td>\n<td style=\"width: 75.9287%;\">\u00a0<\/td>\n<td style=\"width: 12.4173%;\">\u00a0<\/td>\n<\/tr>\n<tr>\n<td style=\"width: 11.6539%;\">\u00a0<\/td>\n<td style=\"width: 75.9287%;\">\n<p style=\"text-align: justify;\"><span style=\"font-family: verdana, geneva, sans-serif; font-size: 14pt; color: #003366;\">Amicale de la Vaucressonni\u00e8re<\/span><\/p>\n<p style=\"text-align: justify;\"><span style=\"font-family: verdana, geneva, sans-serif; font-size: 14pt; color: #003366;\">Promouvoir maintenir et resserrer les liens de camaraderie et de solidarit\u00e9 entre ses membres dans le respect des sentiments de tradition et de leur apporter, le cas \u00e9ch\u00e9ant aide et conseil.<\/span><\/p>\n<p style=\"text-align: justify;\"><span style=\"font-family: verdana, geneva, sans-serif; font-size: 14pt; color: #003366;\">Rassembler textes, articles, photographies, t\u00e9moignages et toutes formes de documentation authentique en vue de constituer une m\u00e9moire de la CRS n\u00b02, de cr\u00e9er des structures permettant \u00e0 l&rsquo;association d&rsquo;accomplir ses diff\u00e9rentes t\u00e2ches.<\/span><\/p>\n<p style=\"text-align: justify;\"><span style=\"font-family: verdana, geneva, sans-serif; font-size: 14pt; color: #003366;\">Entretenir les relations suivies avec le commandement de la CRS n\u00b02 ainsi qu&rsquo;avec ses associations, de repr\u00e9senter les Anciens Fonctionnaires de cette unit\u00e9 aupr\u00e8s des autorit\u00e9s fran\u00e7aises ainsi que des services du Minist\u00e8re de Int\u00e9rieur.<\/span><\/p>\n<p style=\"text-align: justify;\"><span style=\"font-family: verdana, geneva, sans-serif; font-size: 14pt; color: #003366;\">Participer \u00e0 toute action visant \u00e0 d\u00e9velopper chez les jeunes , la maturit\u00e9 physique, le sens des responsabilit\u00e9s et de l&rsquo;autonomie, et le respect de l&rsquo;environnement humain , mat\u00e9riel et naturel.<\/span><\/p>\n<p style=\"text-align: justify;\"><span style=\"font-family: verdana, geneva, sans-serif; font-size: 14pt; color: #003366;\">Initier toute op\u00e9ration n\u00e9cessaire \u00e0 la r\u00e9alisation de ses objectifs, d&rsquo;organiser les activit\u00e9s sportives, culturelles<\/span><\/p>\n<\/td>\n<td style=\"width: 12.4173%;\">\u00a0<\/td>\n<\/tr>\n<tr>\n<td style=\"width: 11.6539%;\">\u00a0<\/td>\n<td style=\"width: 75.9287%;\">\u00a0<\/td>\n<td style=\"width: 12.4173%;\">\u00a0<\/td>\n<\/tr>\n<\/tbody>\n<\/table>\n<p style=\"text-align: center;\"><span style=\"font-size: 14pt; background-color: #003366; color: #ffffff;\"><a style=\"background-color: #003366; color: #ffffff;\" href=\"https:\/\/lavaucressonniere.fr\/wp-login.php?redirect_to=http%3A%2F%2Flavaucressonniere.fr%2F\"><strong>Connexion \/ D\u00e9connexion<\/strong><\/a><\/span><\/p>\n<p style=\"text-align: right;\">\u00a0<\/p>\n\n\n<p><\/p>\n","protected":false},"excerpt":{"rendered":"<p>\u00a0 \u00a0 \u00a0 \u00a0 Amicale de la Vaucressonni\u00e8re Promouvoir maintenir et resserrer les liens de camaraderie et de solidarit\u00e9 entre ses membres dans le respect des sentiments de tradition et de leur apporter, le cas \u00e9ch\u00e9ant aide et conseil. Rassembler textes, articles, photographies, t\u00e9moignages et toutes formes de documentation authentique en vue de constituer une [&hellip;]<\/p>\n","protected":false},"author":1,"featured_media":0,"parent":0,"menu_order":0,"comment_status":"closed","ping_status":"closed","template":"","meta":{"footnotes":""},"class_list":["post-21","page","type-page","status-publish","hentry"],"_links":{"self":[{"href":"https:\/\/lavaucressonniere.fr\/index.php\/wp-json\/wp\/v2\/pages\/21","targetHints":{"allow":["GET"]}}],"collection":[{"href":"https:\/\/lavaucressonniere.fr\/index.php\/wp-json\/wp\/v2\/pages"}],"about":[{"href":"https:\/\/lavaucressonniere.fr\/index.php\/wp-json\/wp\/v2\/types\/page"}],"author":[{"embeddable":true,"href":"https:\/\/lavaucressonniere.fr\/index.php\/wp-json\/wp\/v2\/users\/1"}],"replies":[{"embeddable":true,"href":"https:\/\/lavaucressonniere.fr\/index.php\/wp-json\/wp\/v2\/comments?post=21"}],"version-history":[{"count":46,"href":"https:\/\/lavaucressonniere.fr\/index.php\/wp-json\/wp\/v2\/pages\/21\/revisions"}],"predecessor-version":[{"id":534,"href":"https:\/\/lavaucressonniere.fr\/index.php\/wp-json\/wp\/v2\/pages\/21\/revisions\/534"}],"wp:attachment":[{"href":"https:\/\/lavaucressonniere.fr\/index.php\/wp-json\/wp\/v2\/media?parent=21"}],"curies":[{"name":"wp","href":"https:\/\/api.w.org\/{rel}","templated":true}]}}

<div class="wp-block-image">
<figure class="aligncenter size-large"><img loading="lazy" decoding="async" width="1024" height="728" src="https://lavaucressonniere.fr/wp-content/uploads/2024/12/CHATEAU-2-pucelles-1024x728.jpg" alt="" class="wp-image-285" srcset="https://lavaucressonniere.fr/wp-content/uploads/2024/12/CHATEAU-2-pucelles-1024x728.jpg 1024w, https://lavaucressonniere.fr/wp-content/uploads/2024/12/CHATEAU-2-pucelles-300x213.jpg 300w, https://lavaucressonniere.fr/wp-content/uploads/2024/12/CHATEAU-2-pucelles-768x546.jpg 768w, https://lavaucressonniere.fr/wp-content/uploads/2024/12/CHATEAU-2-pucelles-624x444.jpg 624w, https://lavaucressonniere.fr/wp-content/uploads/2024/12/CHATEAU-2-pucelles.jpg 1404w" sizes="auto, (max-width: 1024px) 100vw, 1024px" /></figure>
</div>

<table style="border-collapse: collapse; width: 100%;">
<tbody>
<tr>
<td style="width: 11.6539%;"> </td>
<td style="width: 75.9287%;"> </td>
<td style="width: 12.4173%;"> </td>
</tr>
<tr>
<td style="width: 11.6539%;"> </td>
<td style="width: 75.9287%;">
<p style="text-align: justify;"><span style="font-family: verdana, geneva, sans-serif; font-size: 14pt; color: #003366;">Amicale de la Vaucressonnière</span></p>
<p style="text-align: justify;"><span style="font-family: verdana, geneva, sans-serif; font-size: 14pt; color: #003366;">Promouvoir maintenir et resserrer les liens de camaraderie et de solidarité entre ses membres dans le respect des sentiments de tradition et de leur apporter, le cas échéant aide et conseil.</span></p>
<p style="text-align: justify;"><span style="font-family: verdana, geneva, sans-serif; font-size: 14pt; color: #003366;">Rassembler textes, articles, photographies, témoignages et toutes formes de documentation authentique en vue de constituer une mémoire de la CRS n°2, de créer des structures permettant à l&rsquo;association d&rsquo;accomplir ses différentes tâches.</span></p>
<p style="text-align: justify;"><span style="font-family: verdana, geneva, sans-serif; font-size: 14pt; color: #003366;">Entretenir les relations suivies avec le commandement de la CRS n°2 ainsi qu&rsquo;avec ses associations, de représenter les Anciens Fonctionnaires de cette unité auprès des autorités françaises ainsi que des services du Ministère de Intérieur.</span></p>
<p style="text-align: justify;"><span style="font-family: verdana, geneva, sans-serif; font-size: 14pt; color: #003366;">Participer à toute action visant à développer chez les jeunes , la maturité physique, le sens des responsabilités et de l&rsquo;autonomie, et le respect de l&rsquo;environnement humain , matériel et naturel.</span></p>
<p style="text-align: justify;"><span style="font-family: verdana, geneva, sans-serif; font-size: 14pt; color: #003366;">Initier toute opération nécessaire à la réalisation de ses objectifs, d&rsquo;organiser les activités sportives, culturelles</span></p>
</td>
<td style="width: 12.4173%;"> </td>
</tr>
<tr>
<td style="width: 11.6539%;"> </td>
<td style="width: 75.9287%;"> </td>
<td style="width: 12.4173%;"> </td>
</tr>
</tbody>
</table>
<p style="text-align: center;"><span style="font-size: 14pt; background-color: #003366; color: #ffffff;"><a style="background-color: #003366; color: #ffffff;" href="https://lavaucressonniere.fr/wp-login.php?redirect_to=http%3A%2F%2Flavaucressonniere.fr%2F"><strong>Connexion / Déconnexion</strong></a></span></p>
<p style="text-align: right;"> </p>


<p></p>

<p>        Amicale de la Vaucressonnière Promouvoir maintenir et resserrer les liens de camaraderie et de solidarité entre ses membres dans le respect des sentiments de tradition et de leur apporter, le cas échéant aide et conseil. Rassembler textes, articles, photographies, témoignages et toutes formes de documentation authentique en vue de constituer une [&hellip;]</p>
